{"id":3093,"date":"2022-09-19T16:31:04","date_gmt":"2022-09-19T14:31:04","guid":{"rendered":"http:\/\/sp5siemianowice.pl\/?page_id=3093"},"modified":"2025-09-06T17:30:16","modified_gmt":"2025-09-06T15:30:16","slug":"pedagog-specjalny","status":"publish","type":"page","link":"https:\/\/sp5siemianowice.pl\/?page_id=3093","title":{"rendered":"Pedagog specjalny"},"content":{"rendered":"<p><img fetchpriority=\"high\" decoding=\"async\" class=\"aligncenter size-large wp-image-8198\" src=\"http:\/\/sp5siemianowice.pl\/wp-content\/uploads\/2025\/03\/pedagog-specjalny-1024x228.png\" alt=\"\" width=\"680\" height=\"151\" srcset=\"https:\/\/sp5siemianowice.pl\/wp-content\/uploads\/2025\/03\/pedagog-specjalny-1024x228.png 1024w, https:\/\/sp5siemianowice.pl\/wp-content\/uploads\/2025\/03\/pedagog-specjalny-300x67.png 300w, https:\/\/sp5siemianowice.pl\/wp-content\/uploads\/2025\/03\/pedagog-specjalny-768x171.png 768w, https:\/\/sp5siemianowice.pl\/wp-content\/uploads\/2025\/03\/pedagog-specjalny.png 1500w\" sizes=\"(max-width: 680px) 100vw, 680px\" \/><\/p>\n<p><strong>mgr Barbara Durczok<\/strong><\/p>\n<p><strong>mgr Katarzyna Pesel<\/strong><\/p>\n<p>Zadaniem pedagoga specjalnego jest przede wszystkim diagnozowanie problem\u00f3w edukacyjnych i wychowawczych uczni\u00f3w i podejmowanie dzia\u0142a\u0144, kt\u00f3re te problemy mog\u0105 niwelowa\u0107. Odbywa si\u0119 to cz\u0119sto we wsp\u00f3\u0142pracy pedagogiem i psychologiem szkolnym, z poradni\u0105 psychologiczno-pedagogiczn\u0105, nauczycielami, rodzin\u0105 ucznia i z samym uczniem.<\/p>\n<p><strong>Godziny pracy pedagoga specjalnego w roku szkolnym 2025\/2026:<\/strong><\/p>\n<p><strong>Poniedzia\u0142ek:<\/strong><\/p>\n<p>10:40 \u2013 12:40<\/p>\n<p><strong>Wtorek:<\/strong><\/p>\n<p>11:30 \u2013 12:30<\/p>\n<p><strong>\u015aroda:<\/strong><\/p>\n<p>10:40 \u2013 11:40<\/p>\n<p><strong>Czwartek:<\/strong><\/p>\n<p>8:45 \u2013 9:45<\/p>\n<p>10:40 \u2013 11:40<\/p>\n<p><strong>Pi\u0105tek:<\/strong><\/p>\n<p>10:45 \u2013 11:30<\/p>\n<p>&nbsp;<\/p>\n<p>&nbsp;<\/p>\n<p>&nbsp;<\/p>\n<p>&nbsp;<\/p>\n","protected":false},"excerpt":{"rendered":"<p>mgr Barbara Durczok mgr Katarzyna Pesel Zadaniem pedagoga specjalnego jest przede wszystkim diagnozowanie problem\u00f3w edukacyjnych i wychowawczych uczni\u00f3w i podejmowanie dzia\u0142a\u0144, kt\u00f3re te problemy mog\u0105 niwelowa\u0107. Odbywa si\u0119 to cz\u0119sto we wsp\u00f3\u0142pracy pedagogiem i psychologiem szkolnym, z poradni\u0105 psychologiczno-pedagogiczn\u0105, nauczycielami, [&hellip;]<\/p>\n","protected":false},"author":2,"featured_media":0,"parent":0,"menu_order":0,"comment_status":"closed","ping_status":"closed","template":"","meta":{"footnotes":""},"class_list":["post-3093","page","type-page","status-publish","hentry"],"_links":{"self":[{"href":"https:\/\/sp5siemianowice.pl\/index.php?rest_route=\/wp\/v2\/pages\/3093","targetHints":{"allow":["GET"]}}],"collection":[{"href":"https:\/\/sp5siemianowice.pl\/index.php?rest_route=\/wp\/v2\/pages"}],"about":[{"href":"https:\/\/sp5siemianowice.pl\/index.php?rest_route=\/wp\/v2\/types\/page"}],"author":[{"embeddable":true,"href":"https:\/\/sp5siemianowice.pl\/index.php?rest_route=\/wp\/v2\/users\/2"}],"replies":[{"embeddable":true,"href":"https:\/\/sp5siemianowice.pl\/index.php?rest_route=%2Fwp%2Fv2%2Fcomments&post=3093"}],"version-history":[{"count":20,"href":"https:\/\/sp5siemianowice.pl\/index.php?rest_route=\/wp\/v2\/pages\/3093\/revisions"}],"predecessor-version":[{"id":8821,"href":"https:\/\/sp5siemianowice.pl\/index.php?rest_route=\/wp\/v2\/pages\/3093\/revisions\/8821"}],"wp:attachment":[{"href":"https:\/\/sp5siemianowice.pl\/index.php?rest_route=%2Fwp%2Fv2%2Fmedia&parent=3093"}],"curies":[{"name":"wp","href":"https:\/\/api.w.org\/{rel}","templated":true}]}}

<p><img fetchpriority="high" decoding="async" class="aligncenter size-large wp-image-8198" src="http://sp5siemianowice.pl/wp-content/uploads/2025/03/pedagog-specjalny-1024x228.png" alt="" width="680" height="151" srcset="https://sp5siemianowice.pl/wp-content/uploads/2025/03/pedagog-specjalny-1024x228.png 1024w, https://sp5siemianowice.pl/wp-content/uploads/2025/03/pedagog-specjalny-300x67.png 300w, https://sp5siemianowice.pl/wp-content/uploads/2025/03/pedagog-specjalny-768x171.png 768w, https://sp5siemianowice.pl/wp-content/uploads/2025/03/pedagog-specjalny.png 1500w" sizes="(max-width: 680px) 100vw, 680px" /></p>
<p><strong>mgr Barbara Durczok</strong></p>
<p><strong>mgr Katarzyna Pesel</strong></p>
<p>Zadaniem pedagoga specjalnego jest przede wszystkim diagnozowanie problemów edukacyjnych i wychowawczych uczniów i podejmowanie działań, które te problemy mogą niwelować. Odbywa się to często we współpracy pedagogiem i psychologiem szkolnym, z poradnią psychologiczno-pedagogiczną, nauczycielami, rodziną ucznia i z samym uczniem.</p>
<p><strong>Godziny pracy pedagoga specjalnego w roku szkolnym 2025/2026:</strong></p>
<p><strong>Poniedziałek:</strong></p>
<p>10:40 – 12:40</p>
<p><strong>Wtorek:</strong></p>
<p>11:30 – 12:30</p>
<p><strong>Środa:</strong></p>
<p>10:40 – 11:40</p>
<p><strong>Czwartek:</strong></p>
<p>8:45 – 9:45</p>
<p>10:40 – 11:40</p>
<p><strong>Piątek:</strong></p>
<p>10:45 – 11:30</p>
<p>&nbsp;</p>
<p>&nbsp;</p>
<p>&nbsp;</p>
<p>&nbsp;</p>

<p>mgr Barbara Durczok mgr Katarzyna Pesel Zadaniem pedagoga specjalnego jest przede wszystkim diagnozowanie problemów edukacyjnych i wychowawczych uczniów i podejmowanie działań, które te problemy mogą niwelować. Odbywa się to często we współpracy pedagogiem i psychologiem szkolnym, z poradnią psychologiczno-pedagogiczną, nauczycielami, [&hellip;]</p>
