{"id":4529,"date":"2023-04-11T17:13:14","date_gmt":"2023-04-11T15:13:14","guid":{"rendered":"http:\/\/sp5siemianowice.pl\/?page_id=4529"},"modified":"2025-03-04T17:37:57","modified_gmt":"2025-03-04T16:37:57","slug":"realizowane-programy","status":"publish","type":"page","link":"https:\/\/sp5siemianowice.pl\/?page_id=4529","title":{"rendered":"Realizowane projekty i programy"},"content":{"rendered":"<p><img fetchpriority=\"high\" decoding=\"async\" class=\"aligncenter size-large wp-image-8208\" src=\"http:\/\/sp5siemianowice.pl\/wp-content\/uploads\/2025\/03\/realizowane-projekty-i-programy-1024x229.png\" alt=\"\" width=\"680\" height=\"152\" srcset=\"https:\/\/sp5siemianowice.pl\/wp-content\/uploads\/2025\/03\/realizowane-projekty-i-programy-1024x229.png 1024w, https:\/\/sp5siemianowice.pl\/wp-content\/uploads\/2025\/03\/realizowane-projekty-i-programy-300x67.png 300w, https:\/\/sp5siemianowice.pl\/wp-content\/uploads\/2025\/03\/realizowane-projekty-i-programy-768x171.png 768w, https:\/\/sp5siemianowice.pl\/wp-content\/uploads\/2025\/03\/realizowane-projekty-i-programy.png 1501w\" sizes=\"(max-width: 680px) 100vw, 680px\" \/><\/p>\n<p>&#8211; \u201eTrzymaj Form\u0119\u201d;<\/p>\n<p>&#8211; \u201eUNPLUGGED\u201d;<\/p>\n<p>&#8211; \u201eCzy\u015bciochowa Akademia\u201d;<\/p>\n<p>&#8211; \u201eAktywna \u015bwietlica\u201d;<\/p>\n<p>&#8211; \u201eMiejsce pe\u0142ne pomys\u0142\u00f3w\u201d;<\/p>\n<p>&#8211; \u201eJaki jestem\u201d;<\/p>\n<p>&#8211; \u201eEuropa i ja\u201d;<\/p>\n<p>&#8211; \u201ePrzemoc boli\u201d;<\/p>\n<p>&#8211; \u201eUNPLUGGED\u201d;<\/p>\n<p>&#8211; \u201ePrzemoc boli\u201d;<\/p>\n<p>&#8211; \u201eZabawa sztuk\u0105\u201d;<\/p>\n<p>-\u201eKreatywne prace plastyczne\u201d;<\/p>\n<p>&#8211; Pi\u0105tka dla natury\u201d;<\/p>\n<p>&#8211; \u201eSztuka emocji\u201d.<\/p>\n","protected":false},"excerpt":{"rendered":"<p>&#8211; \u201eTrzymaj Form\u0119\u201d; &#8211; \u201eUNPLUGGED\u201d; &#8211; \u201eCzy\u015bciochowa Akademia\u201d; &#8211; \u201eAktywna \u015bwietlica\u201d; &#8211; \u201eMiejsce pe\u0142ne pomys\u0142\u00f3w\u201d; &#8211; \u201eJaki jestem\u201d; &#8211; \u201eEuropa i ja\u201d; &#8211; \u201ePrzemoc boli\u201d; &#8211; \u201eUNPLUGGED\u201d; &#8211; \u201ePrzemoc boli\u201d; &#8211; \u201eZabawa sztuk\u0105\u201d; -\u201eKreatywne prace plastyczne\u201d; &#8211; Pi\u0105tka dla natury\u201d; [&hellip;]<\/p>\n","protected":false},"author":2,"featured_media":0,"parent":0,"menu_order":0,"comment_status":"closed","ping_status":"closed","template":"","meta":{"footnotes":""},"class_list":["post-4529","page","type-page","status-publish","hentry"],"_links":{"self":[{"href":"https:\/\/sp5siemianowice.pl\/index.php?rest_route=\/wp\/v2\/pages\/4529","targetHints":{"allow":["GET"]}}],"collection":[{"href":"https:\/\/sp5siemianowice.pl\/index.php?rest_route=\/wp\/v2\/pages"}],"about":[{"href":"https:\/\/sp5siemianowice.pl\/index.php?rest_route=\/wp\/v2\/types\/page"}],"author":[{"embeddable":true,"href":"https:\/\/sp5siemianowice.pl\/index.php?rest_route=\/wp\/v2\/users\/2"}],"replies":[{"embeddable":true,"href":"https:\/\/sp5siemianowice.pl\/index.php?rest_route=%2Fwp%2Fv2%2Fcomments&post=4529"}],"version-history":[{"count":15,"href":"https:\/\/sp5siemianowice.pl\/index.php?rest_route=\/wp\/v2\/pages\/4529\/revisions"}],"predecessor-version":[{"id":8248,"href":"https:\/\/sp5siemianowice.pl\/index.php?rest_route=\/wp\/v2\/pages\/4529\/revisions\/8248"}],"wp:attachment":[{"href":"https:\/\/sp5siemianowice.pl\/index.php?rest_route=%2Fwp%2Fv2%2Fmedia&parent=4529"}],"curies":[{"name":"wp","href":"https:\/\/api.w.org\/{rel}","templated":true}]}}