{"id":65,"date":"2020-08-23T20:41:15","date_gmt":"2020-08-23T18:41:15","guid":{"rendered":"http:\/\/sp5siemianowice.pl\/?page_id=65"},"modified":"2025-09-01T18:50:56","modified_gmt":"2025-09-01T16:50:56","slug":"kalendarz-roku-szkolnego-2019-2020","status":"publish","type":"page","link":"https:\/\/sp5siemianowice.pl\/?page_id=65","title":{"rendered":"Kalendarz roku szkolnego"},"content":{"rendered":"<p><img fetchpriority=\"high\" decoding=\"async\" class=\"aligncenter size-large wp-image-8193\" src=\"http:\/\/sp5siemianowice.pl\/wp-content\/uploads\/2025\/03\/kalendarz-roku-szkolnego-1024x228.png\" alt=\"\" width=\"680\" height=\"151\" srcset=\"https:\/\/sp5siemianowice.pl\/wp-content\/uploads\/2025\/03\/kalendarz-roku-szkolnego-1024x228.png 1024w, https:\/\/sp5siemianowice.pl\/wp-content\/uploads\/2025\/03\/kalendarz-roku-szkolnego-300x67.png 300w, https:\/\/sp5siemianowice.pl\/wp-content\/uploads\/2025\/03\/kalendarz-roku-szkolnego-768x171.png 768w, https:\/\/sp5siemianowice.pl\/wp-content\/uploads\/2025\/03\/kalendarz-roku-szkolnego.png 1499w\" sizes=\"(max-width: 680px) 100vw, 680px\" \/><\/p>\n<table width=\"0\">\n<tbody>\n<tr>\n<td width=\"47\">1.<\/td>\n<td width=\"356\">Rozpocz\u0119cie roku szkolnego<\/td>\n<td width=\"249\">01 wrze\u015bnia 2025 r.<\/td>\n<\/tr>\n<tr>\n<td width=\"47\">2.<\/td>\n<td width=\"356\">Dzie\u0144 Komisji Edukacji Narodowej<\/td>\n<td width=\"249\">14 pa\u017adziernika 2025 r.<\/td>\n<\/tr>\n<tr>\n<td width=\"47\">3.<\/td>\n<td width=\"356\">Wszystkich \u015awi\u0119tych<\/td>\n<td width=\"249\">01 listopada 2025 r.<\/td>\n<\/tr>\n<tr>\n<td width=\"47\">4.<\/td>\n<td width=\"356\">Dzie\u0144 Niepodleg\u0142o\u015bci<\/td>\n<td width=\"249\">11 listopada 2025 r.<\/td>\n<\/tr>\n<tr>\n<td width=\"47\">5.<\/td>\n<td width=\"356\">Zimowa przerwa \u015bwi\u0105teczna<\/td>\n<td width=\"249\">22-31 grudnia 2025 r.<\/td>\n<\/tr>\n<tr>\n<td width=\"47\">6.<\/td>\n<td width=\"356\">Nowy Rok<\/td>\n<td width=\"249\">01 stycznia 2026 r.<\/td>\n<\/tr>\n<tr>\n<td width=\"47\">7.<\/td>\n<td width=\"356\">\u015awi\u0119to Trzech Kr\u00f3li<\/td>\n<td width=\"249\">06 stycznia 2026 r.<\/td>\n<\/tr>\n<tr>\n<td width=\"47\">8.<\/td>\n<td width=\"356\">Ferie zimowe<\/td>\n<td width=\"249\">16 lutego-01 marca 2026 r.<\/td>\n<\/tr>\n<tr>\n<td width=\"47\">9.<\/td>\n<td width=\"356\">Rekolekcje wielkopostne<\/td>\n<td width=\"249\"><\/td>\n<\/tr>\n<tr>\n<td width=\"47\">10.<\/td>\n<td width=\"356\">Wiosenna przerwa \u015bwi\u0105teczna<\/td>\n<td width=\"249\">02-07 kwietnia 2026 r.<\/td>\n<\/tr>\n<tr>\n<td width=\"47\">11.<\/td>\n<td width=\"356\">\u015awi\u0119to Pracy<\/td>\n<td width=\"249\">01 maja 2026 r.<\/td>\n<\/tr>\n<tr>\n<td width=\"47\">12.<\/td>\n<td width=\"356\">\u015awi\u0119to uchwalenia Konstytucji<\/td>\n<td width=\"249\">03 maja 2026 r.<\/td>\n<\/tr>\n<tr>\n<td width=\"47\">13.<\/td>\n<td width=\"356\">Egzamin \u00f3smoklasisty<\/td>\n<td width=\"249\">11-12-13 maja 2026 r.<\/td>\n<\/tr>\n<tr>\n<td width=\"47\">14.<\/td>\n<td width=\"356\">Bo\u017ce Cia\u0142o<\/td>\n<td width=\"249\">04 czerwca 2026 r.<\/td>\n<\/tr>\n<tr>\n<td width=\"47\">15.<\/td>\n<td width=\"356\">Zako\u0144czenie rocznych zaj\u0119\u0107 dydaktyczno-wychowawczych<\/td>\n<td width=\"249\">26 czerwca 2026 r.<\/td>\n<\/tr>\n<tr>\n<td width=\"47\">16.<\/td>\n<td width=\"356\">Ferie letnie<\/td>\n<td width=\"249\">27 czerwca \u2013 31 sierpnia 2026 r.<\/td>\n<\/tr>\n<tr>\n<td width=\"47\">17.<\/td>\n<td width=\"356\">Dni wolne od zaj\u0119\u0107 dydaktycznych<\/td>\n<td width=\"249\">10 listopada 2025 r., 02 stycznia 2026 r., 05 stycznia 2026 r., 11, 12, 13 maja 2026 r., 01 czerwca 2026 r., 05 czerwca 2026 r.<\/td>\n<\/tr>\n<\/tbody>\n<\/table>\n","protected":false},"excerpt":{"rendered":"<p>1. Rozpocz\u0119cie roku szkolnego 01 wrze\u015bnia 2025 r. 2. Dzie\u0144 Komisji Edukacji Narodowej 14 pa\u017adziernika 2025 r. 3. Wszystkich \u015awi\u0119tych 01 listopada 2025 r. 4. Dzie\u0144 Niepodleg\u0142o\u015bci 11 listopada 2025 r. 5. Zimowa przerwa \u015bwi\u0105teczna 22-31 grudnia 2025 r. 6. [&hellip;]<\/p>\n","protected":false},"author":1,"featured_media":0,"parent":0,"menu_order":0,"comment_status":"closed","ping_status":"closed","template":"","meta":{"footnotes":""},"class_list":["post-65","page","type-page","status-publish","hentry"],"_links":{"self":[{"href":"https:\/\/sp5siemianowice.pl\/index.php?rest_route=\/wp\/v2\/pages\/65","targetHints":{"allow":["GET"]}}],"collection":[{"href":"https:\/\/sp5siemianowice.pl\/index.php?rest_route=\/wp\/v2\/pages"}],"about":[{"href":"https:\/\/sp5siemianowice.pl\/index.php?rest_route=\/wp\/v2\/types\/page"}],"author":[{"embeddable":true,"href":"https:\/\/sp5siemianowice.pl\/index.php?rest_route=\/wp\/v2\/users\/1"}],"replies":[{"embeddable":true,"href":"https:\/\/sp5siemianowice.pl\/index.php?rest_route=%2Fwp%2Fv2%2Fcomments&post=65"}],"version-history":[{"count":23,"href":"https:\/\/sp5siemianowice.pl\/index.php?rest_route=\/wp\/v2\/pages\/65\/revisions"}],"predecessor-version":[{"id":8808,"href":"https:\/\/sp5siemianowice.pl\/index.php?rest_route=\/wp\/v2\/pages\/65\/revisions\/8808"}],"wp:attachment":[{"href":"https:\/\/sp5siemianowice.pl\/index.php?rest_route=%2Fwp%2Fv2%2Fmedia&parent=65"}],"curies":[{"name":"wp","href":"https:\/\/api.w.org\/{rel}","templated":true}]}}